 + 8*l**2 + 6*l + l - l**2 + 17*l**3. Calculate d(-6).
-3
Suppose -2*d + 3*h + 2*h + 30 = 0, -5*d - 3*h = -13. Let n(o) = -2*o - d*o - 1 + 9*o**2 - 8*o**2. What is n(6)?
-7
Let b = 34 + -36. Let i(c) = -c**2 - c - 1. Determine i(b).
-3
Let y(t) = t**2 - 2*t - 4. Let s be (2 + 1 - 5)*1. Let g be y(s). Let c(b) = b**2 - 3*b + 1. Determine c(g).
5
Let b(o) = -o**3 + 8*o**2 - 8*o + 4. Let y(x) = x + 7. Let r be y(0). Calculate b(r).
-3
Let a be (-4)/(-3) - 14/(-21). Let z(b) be the first derivative of -a + 7*b - 1/2*b**2. What is z(5)?
2
Let g(q) = -5*q**3 - 2*q + 1. Suppose 204*f + 4 = 208*f. Give g(f).
-6
Let s(u) be the second derivative of -u**5/20 + 3*u**4/4 - 5*u**3/6 - 4*u**2 + 10*u. What is s(8)?
16
Let l(f) = -f**3 - 4*f**2 - f - 4. Suppose i = -0*i + 2. Suppose -i*z - 22 = 5*r, 0 = -r - 3*r + z - 15. What is l(r)?
0
Let m(j) = 13*j**3 + 11*j**2 + 3*j - 16. Let a(t) = 3*t**3 + 3*t**2 + t - 4. Let b(w) = 9*a(w) - 2*m(w). Determine b(-4).
0
Let f = -31 - -82. Suppose -4*k + 24 = -0*k + d, -5*k = -4*d - f. Let a = 11 - k. Let z(x) = -x + 3. Give z(a).
-1
Let v(i) = 3*i**3 - 2*i**2 + 12*i. Let y(a) = -8*a**3 + 7*a**2 - 35*a. Let t(x) = -11*v(x) - 4*y(x). What is t(-7)?
-7
Let o(i) = i + 6*i**2 - 2 + 4*i + i + i**3. What is o(-5)?
-7
Let m(x) = -x**3 + x**2 - 2*x + 5. Let r(n) = -n**2 + 2*n - 6. Let j(z) = -5*m(z) - 4*r(z). Suppose 0 = 3*a - 3. What is j(a)?
5
Let n(k) = -k**2 + 5. Suppose 16 = -5*d - 4. What is n(d)?
-11
Let r(q) = -3*q**2 - 12*q. Let t(v) = -v**2 - 5*v. Let n(j) = 5*r(j) - 12*t(j). Let z(s) = s**2 + 7*s - 7. Let p be z(-8). Calculate n(p).
-3
Let t = -9 + 11. Suppose t*h - 6*h = 0. Let o(u) = u**3 - u**2 + 5. Give o(h).
5
Let u(z) = -z**3 + 3*z**2 + 7*z - 6. Let j(r) be the second derivative of r**3/3 + 3*r. Let v be j(3). Let s be -6 + v + -1 + 5. Give u(s).
6
Let z(m) = m + 3. Let w(c) = c**3 - 5*c**2 + 4*c. Let h be w(4). Let l be z(h). Let u(p) be the third derivative of -p**4/12 + p**3/6 - 2*p**2. Determine u(l).
-5
Let w = -1 + 5. Suppose 0*k + w*k + 20 = 0. Let r(o) = -o**2 - 6*o + 2. Determine r(k).
7
Let s(g) = 5*g**2 - 2*g - 5. Let u(o) = -6*o**2 + 3*o + 6. Let r(l) = -4*s(l) - 3*u(l). What is r(-2)?
-4
Let d(q) = -2*q + q**3 + 1 + 8*q**2 + 0*q**3 + 9*q. Let a(b) = -2*b - 17. Let k be a(-5). Determine d(k).
1
Let n(g) be the first derivative of -g**5/20 - g**4/2 - 2*g**3/3 + 7*g**2/2 - 3*g + 3. Let u(c) be the first derivative of n(c). Determine u(-5).
2
Let o(m) = m**3 - 6*m**2. Let f be (-2 - 85)/(-3) + -2. Suppose -f = -3*q - 9. Calculate o(q).
0
Let w(b) = -b - 2. Let t be w(-2). Suppose 2*r = 3*h + 6, -5*r = 4*h - t - 15. Let z(p) = 4*p**2 - 5*p**2 + p + 0*p**3 - p**3. What is z(h)?
0
Let h(x) = -x**3 + x**2 - x + 7. Let c(y) = y + 9. Let a be (6 + -4)*9/(-2). Let d be c(a). Suppose d*o = 2*o. Calculate h(o).
7
Let s(a) = a**2 + 3*a. Let w = 11 - 8. Suppose 1 = -2*o - w. Let c be 5*-1 - (-3 - o). Determine s(c).
4
Let x(t) = -9*t**2 + 1. Let j(n) be the third derivative of -n**5/30 + n**3/6 + 3*n**2. Let p be j(-1). What is x(p)?
-8
Let p = 0 - 2. Let l = 1 + p. Let k(j) = -8*j**3 - 14 + 27 - 13. Determine k(l).
8
Let q(r) be the second derivative of r**5/20 + r**4/12 - r**3/6 - 9*r**2/2 - 8*r. Give q(0).
-9
Let f(u) = -u**3 + 5*u**2 - 7*u + 6. Suppose -a + 28 = 6*a. Determine f(a).
-6
Suppose 0 = -0*g - 5*g + 25. Let m(b) = b**3 - 4*b**2 - 3*b - 6. Give m(g).
4
Let i(c) be the first derivative of -c**3/3 + 3*c**2/2 + 5*c - 12. Determine i(4).
1
Suppose 4*w + 12 = -4*i, -4*i - 36 = -3*w - w. Let m(j) = -2*j - 6. Give m(i).
6
Let g(a) be the third derivative of -17*a**4/24 + 2*a**2. Calculate g(1).
-17
Let f(l) be the first derivative of -l**5/60 - 7*l**4/24 - l**3/3 - 2. Let m(i) be the third derivative of f(i). Let g be (-4)/(-6) + (-17)/3. Give m(g).
3
Let k(y) = -y**3 + 3*y**2 + 3*y - 1. Suppose 0*m = -3*m + 9. Calculate k(m).
8
Let n(t) be the first derivative of -2*t**3/3 + t**2 + 3*t + 3. Let j(g) = -g**3 - g - 1. Let w(c) = -4*j(c) - n(c). Determine w(-1).
-3
Let h be (6/(-9))/((-7)/42). Let p(i) be the second derivative of i**3/6 - 7*i**2/2 + i. Calculate p(h).
-3
Let k(w) = w**3 - 6*w - 1. Let x(m) = -m**3 + 7*m + 1. Let n(b) = 7*k(b) + 6*x(b). Suppose 2*j = -3*l - 10, 2 = -4*l + 3*j + 17. Determine n(l).
-1
Suppose 3*f = -8 - 1. Let p(j) = 0*j + 6*j + 4*j**2 - 3*j - 5*j**2 - j**3 - 1. Calculate p(f).
8
Let o(x) = x**2 - 7. Let u(w) = -w**2 + 6. Let n(j) = -5*o(j) - 6*u(j). Suppose 5*h - 15 + 0 = 2*f, 4*f = 0. Suppose 0 = 5*a - h*a - 4. Calculate n(a).
3
Let a(x) = -4*x - 6*x + 4*x + 2. Let o = 17 + -12. Let g(t) = -t + 7. Let y be g(o). Calculate a(y).
-10
Let c = 45 - 51. Let k(m) = -m**2 - 5*m - 7. Give k(c).
-13
Let k(s) be the third derivative of s**6/120 - s**5/12 + s**4/8 + 5*s**3/6 - 9*s**2. Let q be k(4). Let m(b) = -9*b**2 + b - 1. Give m(q).
-9
Let k(p) = p**2 + 4*p - 5. Suppose -7*u - 28 = 2*z - 3*u, -5*u - 14 = -z. Give k(z).
7
Let m(b) be the third derivative of -b**6/120 - b**5/15 + b**4/12 - b**3 - 10*b**2. What is m(-5)?
9
Let t be (4/10)/(8/40). Let j(z) = -z**3 - 2*z**2 - 2*z. Let b(w) = 6*w**3 + 11*w**2 + 10*w. Let f(c) = 2*b(c) + 11*j(c). Calculate f(t).
4
Let f(v) = -3 + v**3 - 2 - 4 + 2. What is f(0)?
-7
Let w(t) = -t - 4 + 4 - 5*t**3 - 1. Let l(h) = h**3 - 3*h**2 - 5*h + 6. Let c be l(4). Suppose -x - 3*k = -2, 0*x = 2*x - c*k + 4. Give w(x).
5
Let v(t) = 2*t**3 - t**2 - 2*t - 1. Let q = 8 + -6. Suppose -11 = -4*h - 3. Let n be (h*-1)/(-2) - q. Calculate v(n).
-2
Let u be 4/(-14) + 90/21. Let v be 1 - -2 - (0 - 0). Let w(a) = -5*a + 5*a**2 - a**3 - 2*a**3 + 2*a**v + 2. Determine w(u).
-2
Suppose 0 = -4*a - 2*m + 4 + 4, 10 = 5*a - 2*m. Suppose 3*n = i + 11, 5*n + 0 = -4*i - 10. Let f(u) = -3 - u**2 + n*u + 5 - u**2 - 3*u. Determine f(a).
-8
Let c(f) = 7036 - 2*f + 2*f - 2*f**2 - 7033. Let a(y) = -y**3 + 4*y**2 + 6*y - 2. Let r be a(5). Give c(r).
-15
Let c be 3/((-12)/(-16)*1). Let l(a) = a**2 - 2*a - 1. Determine l(c).
7
Let f = -10 - -11. Let w(z) be the third derivative of -5*z**4/24 - z**2. Calculate w(f).
-5
Let j(z) = -z - 6 + 5*z + 4*z - 7*z. Suppose 4*b = 20 - 8. Calculate j(b).
-3
Suppose 66 = -32*q + 10*q. Let i(m) be the first derivative of m**3/3 + 3*m**2/2 - 2*m - 1. Give i(q).
-2
Let y be 6 + 1*0/1. Let c(h) = h - y - h - 3*h. Suppose -2*n = -6*n - 20. Calculate c(n).
9
Let p = -9 - -10. Let o(s) = -s**3 + 2*s**2 - s. Determine o(p).
0
Let v(u) be the second derivative of 7*u**3/3 - 5*u. Give v(-1).
-14
Let u(k) = -k - 3*k + 3*k + 15 - 6. Let c(t) = -t**3 - 4*t**2 + 3*t - 7. Let v be c(-5). Let m = 7 - v. What is u(m)?
5
Suppose -t - 2*v = -9 + 3, 5*t + 5*v - 20 = 0. Suppose -24 = t*f + 2*f. Let b(s) = s**3 + 7*s**2 + 6*s + 4. Give b(f).
4
Let o(p) be the second derivative of p**4/12 + p**3/2 + p**2 - p. Let u = 3 + -11. Let m be (-2)/u - (-13)/(-4). Calculate o(m).
2
Let c(t) = 2*t**2 + 2*t - 2. Let s be 2*(-4)/16*6. What is c(s)?
10
Let s = 10 + -4. Let t(u) = -u**2 + 7*u - 6. Determine t(s).
0
Let g(d) = d**3 + d**2 - 5. Let n be g(0). Let q(s) = -s + 65 + 59 - 190 + 57. Calculate q(n).
-4
Let o(n) be the third derivative of 5/6*n**3 + 0*n - 1/120*n**6 + 1/12*n**5 + 0 - 6*n**2 + 1/4*n**4. Let z be (-30)/4*(-4)/5. Calculate o(z).
5
Let z = 1 - 3. Let n(y) be the second derivative of -5*y**3/6 - y**2 - y. Give n(z).
8
Let c(l) = 3*l**3 + 7*l + 17. Let m(k) = 5*k**3 + 11*k + 26. Let a(s) = -8*c(s) + 5*m(s). Give a(0).
-6
Suppose 4*n = -3*q - 5, -5*n + 8 - 43 = -2*q. Let c(w) = -3 - q + 7*w**2 - w**3 + w + 2*w**3 - 2*w**3. Let r be 2*3/(-6) + 8. What is c(r)?
-1
Let i be (-5)/(-1)*2/5. Suppose -3*d = -8*d + 3*j - 1, -i*j = 6. Let r(y) be the first derivative of y**2/2 - 2*y - 2. What is r(d)?
-4
Let j(o) = 4*o - 3. Let u be 2 + 0/(0 - -3). Let b be (-1)/(u/((-16)/4)). Calculate j(b).
5
Let c(f) = -2*f + 6. Let r be (-2)/(-7) + (-72)/7. Let k = 15 + r. Let a be c(k). Let n(w) = w**3 + 5*w**2 + 5*w + 5. Calculate n(a).
1
Suppose 3*f - 9 = -3*b, 9 = 5*b - 2*b - 3*f. Let r(d) be the second derivative of -d**5/20 + d**4/3 - d**3/3 + 3*d**2/2 + 14*d - 2. Determine r(b).
6
Let q(l) = -4*l - 5. Let w(i) = 5*i + 6. Let u(k) = -4*q(k) - 3*w(k). Give u(-3).
-1
Let n(g) be the first derivative of -g**4/4 - 5*g**3/3 + 7*g**2/2 + 4*g + 15. Determine n(-6).
-2
Let c(l) = 7*l*